9. Calculate b(12).
5
Let u(z) = z**2 - 3*z - 39. Give u(-5).
1
Let g(j) = 2*j + 8. Give g(-12).
-16
Let t(c) = -c**3 - 14*c**2 + 10*c - 16. Give t(-15).
59
Let p(q) = -5*q**2 + 291*q - 73. What is p(58)?
-15
Let f(p) = 3*p + 17. Calculate f(-3).
8
Let s(i) = i**3 - 6*i**2 + i + 8. Calculate s(6).
14
Let s(o) = o**3 + 2*o**2 - 8*o - 5. Calculate s(-5).
-40
Let a(u) = -2*u**2 + 8*u + 6. What is a(-3)?
-36
Let k(b) = -b**2 + 9*b + 5. What is k(7)?
19
Let o(f) = f**3 + 2*f**2 + 7*f + 3. Determine o(-2).
-11
Let f(y) = 4*y**2 + 9*y - 22. Calculate f(-4).
6
Let o(a) = a + 12. Determine o(-3).
9
Let x(w) = -w**3 - 2*w**2 + 3*w - 2. Determine x(-3).
-2
Let w(q) = 2*q**2 - 3*q - 1. Calculate w(-3).
26
Let o(w) = -2*w - 20. What is o(7)?
-34
Let u(q) = q**3 - 6*q**2 - q + 1. What is u(6)?
-5
Let y(z) = 13*z + 673. Give y(-51).
10
Let u(o) = 11*o + 6. Calculate u(-4).
-38
Let g(t) = -t**2 - 6*t + 50. Calculate g(-12).
-22
Let v(c) = -10*c**3 + c**2 - c. What is v(1)?
-10
Let i(t) = -6*t + 1. Determine i(1).
-5
Let z(f) = 5*f + 81. Calculate z(0).
81
Let c(h) = -h**2 + 5. Give c(-2).
1
Let o(x) = x**2 + 17*x + 2. Give o(0).
2
Let p(c) = c**3 - 3*c**2 + c - 14. Determine p(6).
100
Let b(d) = -4*d - 57. What is b(-14)?
-1
Let p(l) = -l**2 - 3*l - 3. Give p(-3).
-3
Let a(w) = -w**3 - 5*w + 3. What is a(3)?
-39
Let j(u) = -3*u**3 - 51*u**2 - 47*u + 17. Calculate j(-16).
1
Let r(v) = 2*v**2 + 29*v + 78. Determine r(-4).
-6
Let x(g) = g**3 + 29*g**2 + 26*g - 55. Determine x(-28).
1
Let f(j) = j**2 - 19*j + 55. Determine f(3).
7
Let z(s) = -48*s**2 - 144*s + 2. Give z(-3).
2
Let u(h) = h**3 - 9*h**2 + 10*h + 1. What is u(8)?
17
Let m(l) = 2*l**3 + 3*l**2 + 16*l - 17. Calculate m(1).
4
Let k(y) = -5*y**2 - 3*y - 20. Calculate k(-4).
-88
Let i(v) = -v**3 - 9*v**2 - 3*v + 2. What is i(-7)?
-75
Let w(t) = t**3 - 10*t**2 + 15*t + 12. Determine w(8).
4
Let a(h) = -h**2 + 9*h - 10. Calculate a(7).
4
Let u(f) = -67*f - 330. Determine u(-5).
5
Let n(q) = -q**3 - 16*q**2 - 35*q - 92. Give n(-14).
6
Let m(c) = -c**3 + 29*c**2 + 30*c + 3. What is m(30)?
3
Let w(r) = 15*r + 2. Calculate w(-4).
-58
Let p(m) = -m**3 - 15*m**2 - 13*m + 7. Determine p(-14).
-7
Let b(q) = -29*q + 12. Determine b(-2).
70
Let s(j) = -j**2 - 8*j - 6. Give s(-7).
1
Let l(m) = m**3 + 5*m**2 + 2*m - 5. What is l(-3)?
7
Let q(r) = -6*r + 132. Calculate q(20).
12
Let z(f) = -6*f - 4. Calculate z(-5).
26
Let b(l) = -3*l**2 - 3*l. Give b(-2).
-6
Let x(h) = -h**3 - 15*h**2 + 19. Determine x(-15).
19
Let y(q) = 10*q - 21. What is y(2)?
-1
Let b(m) = -m**3 + 6*m**2 + 5*m + 5. Calculate b(7).
-9
Let z(j) = 3*j + 65. What is z(-26)?
-13
Let u(f) = -f**2 - 2*f + 3. Determine u(0).
3
Let o(n) = 3*n + 43. Give o(10).
73
Let i(l) = -5*l + 25. Give i(-16).
105
Let v(p) = p**2 + 5*p - 3. Give v(-5).
-3
Let r(o) = -2*o + 60. What is r(31)?
-2
Let l(n) = n**3 - 12*n**2 - 13*n - 3. What is l(13)?
-3
Let h(v) = -22*v**2 - 90*v - 3. Calculate h(-4).
5
Let n(j) = -j**3 - 11*j**2 + 27*j - 19. Give n(-13).
-32
Let k(i) = i**2 - 8*i. Calculate k(10).
20
Let l(z) = z**3 - 13*z**2 + 11*z + 19. Give l(12).
7
Let v(z) = z**3 + 9*z**2 + 19*z + 1. Determine v(-6).
-5
Let b(y) = -y**2 + 21*y + 10. What is b(21)?
10
Let k(u) = 4*u - 35. What is k(10)?
5
Let g(u) = -4*u**2 + 20*u - 14. Give g(4).
2
Let v(z) = z**3 + 2*z**2 - 1. Calculate v(-2).
-1
Let g(x) = -17*x**2 + x - 1. Give g(1).
-17
Let a(u) = -7*u**2 + 1. What is a(-1)?
-6
Let s(w) = -w + 7. What is s(5)?
2
Let v(h) = 2*h + 25. What is v(-17)?
-9
Let f(w) = -w**3 + 31*w**2 - 128*w - 40. Determine f(26).
12
Let b(m) = -m**3 + 4*m**2 - 3*m - 4. Give b(4).
-16
Let x(n) = 2*n**2 - 5*n + 1. Give x(2).
-1
Let c(j) = 7*j**3 - j**2 + 3*j - 3. Determine c(1).
6
Let d(h) = -3*h + 2. Give d(-5).
17
Let r(m) = m**3 - 4*m**2 - 26*m. Determine r(7).
-35
Let a(t) = -87*t**2 + t + 2. Give a(-1).
-86
Let d(p) = 21*p - 5. What is d(1)?
16
Let a(r) = -r**3 - 14*r**2 + 4*r - 150. Determine a(-15).
15
Let q(l) = 5*l + 73. Calculate q(-13).
8
Let u(t) = t**3 - t + 22. Calculate u(0).
22
Let y(h) = -h**3 + 8*h**2 - 10. Determine y(8).
-10
Let q(n) = -2*n**2 - 8*n + 3. Give q(3).
-39
Let x(w) = w**3 + 6*w**2 - w + 15. Give x(-7).
-27
Let i(d) = d**3 + 11*d**2 + 2*d - 75. Give i(-10).
5
Let s(z) = 10*z + 87. Give s(-6).
27
Let u(f) = -f + 4. Give u(3).
1
Let x(i) = -i**2 - i + 13. Give x(4).
-7
Let j(t) = -8*t + 55. Give j(-9).
127
Let s(z) = z**2 + 31*z - 4. Give s(-31).
-4
Let z(f) = f**2 - 8*f + 6. Give z(11).
39
Let i(q) = 6*q - 1. Give i(-1).
-7
Let n(g) = 4*g - 23. Calculate n(7).
5
Let a(j) = -19*j + 3. Give a(2).
-35
Let c(o) = o**2 + o - 6. Give c(-5).
14
Let p(l) = -3*l**2 + 4*l - 2. Determine p(3).
-17
Let b(x) = -3*x**2 + 30*x - 3. Give b(6).
69
Let h(d) = -d**3 - 5*d**2 - d - 9. Calculate h(-5).
-4
Let u(q) = q**2 + 25*q + 160. Give u(-15).
10
Let a(o) = -16*o + 345. Determine a(21).
9
Let n(u) = u**2 + 10*u - 20. What is n(-16)?
76
Let z(v) = v**3 + 22*v**2 - 23*v + 5. Determine z(-23).
5
Let d(z) = -16*z + 189. Give d(11).
13
Let k(w) = w**3 - 8*w**2 + 15*w - 5. Calculate k(8).
115
Let f(y) = 3*y - 8. Give f(11).
25
Let z(s) = s**3 + 7*s**2 + 4*s + 7. Give z(-7).
-21
Let a(f) = -3*f**2 + 2*f + 1. What is a(-1)?
-4
Let q(i) = 3*i**2 + 38*i - 72. Determine q(2).
16
Let l(p) = -14*p + 51. Determine l(4).
-5
Let s(x) = -8*x + 7. What is s(-2)?
23
Let g(n) = n + 11. Determine g(-6).
5
Let h(w) = -w**2 - 18*w + 20. Calculate h(-19).
1
Let y(v) = v + 7. Give y(0).
7
Let p(t) = -t**3 - 8*t**2 + 18*t - 23. Give p(-10).
-3
Let j(d) = -d**2 - 6*d - 7. What is j(-5)?
-2
Let o(l) = -l - 1. Calculate o(-3).
2
Let h(m) = m**2 - 8*m + 15. Calculate h(7).
8
Let f(j) = -3*j - 1. Give f(3).
-10
Let m(w) = 12*w + 43. What is m(-4)?
-5
Let s(l) = -l**2 + 3*l + 1. Give s(5).
-9
Let m(h) = -h**3 + 10*h**2 - 7*h - 10. Give m(9).
8
Let a(o) = -o**2 - 9*o - 1. What is a(-5)?
19
Let u(l) = l + 29. Calculate u(-14).
15
Let s(r) = r + 29. Give s(-8).
21
Let m(a) = -a**3 + 6*a**2 + 4*a + 16. Determine m(7).
-5
Let h(x) = -17*x - 130. What is h(-10)?
40
Let h(k) = -2*k + 4. Determine h(-2).
8
Let f(x) = -x**3 - 12*x**2 - x + 2. Determine f(-12).
14
Let l(r) = -r**3 + 8*r**2 - 18*r + 10. What is l(5)?
-5
Let q(h) = -29*h**3 + 2*h**2 + 4*h + 3. Give q(-1).
30
Let f(u) = -u**3 + 15*u**2 - 2*u + 21. Give f(15).
-9
Let y(h) = h**3 - 16*h**2 - 3*h + 36. What is y(16)?
-12
Let o(a) = -2*a**3 - 44*a**2 + 47*a + 63. Calculate o(-23).
40
Let u(a) = -9*a**2 + 5*a - 2. Calculate u(3).
-68
Let v(b) = 5*b - 2. Determine v(-4).
-22
Let f(k) = k**3 - k**2 + k + 17. Give f(0).
17
Let k(l) = -l**2 + 21*l + 24. Calculate k(22).
2
Let m(h) = h + 7. What is m(-5)?
2
Let r(a) = 2*a**3 - 3*a**2 - 3*a + 6. Calculate r(3).
24
Let a(i) = 47*i**3 - 2*i**2 + 1. Determine a(1).
46
Let s(k) = k**3 + 23*k**2 + 24*k + 48. Determine s(-22).
4
Let q(x) = x - 35. Determine q(10).
-25
Let d(o) = -11*o**2 + 8*o + 14. Determine d(-2).
-46
Let y(j) = -4*j - 52. What is y(-18)?
20
Let z(l) = -l - 5. What is z(-3)?
-2
Let r(p) = p**3 + 16*p**2 + p - 18. What is r(-16)?
-34
Let j(h) = h**2 - h + 4. Give j(0).
4
Let s(w) = -w**2 + 5*w - 5. Calculate s(2).
1
Let a(c) = -c + 10. What is a(9)?
1
Let n(p) = -p**2 - 6*p + 26. Give n(-9).
-1
Let g(t) = -22*t + 19. What is g(1)?
-3
Let r(u) = u**3 + 9*u**2 + 5*u - 12. Give r(-5).
63
Let y(x) = x + 1. Determine y(4).
5
Let t(b) = -8*b - 32. What is t(0)?
-32
Let p(u) = u**2 - 9*u - 9. Determine p(11).
13
Let v(c) = 13*c**3 + 2*c**2. What is v(-1)?
-11
Let q(n) = 7*n + 101. What is q(-13)?
10
Let t(o) = 2*o + 23. Give t(-4).
15
Let g(d) = -d + 17. Give g(17).
0
Let d(k) = -2*k + 10. What is d(9)?
-8
Let h(w) = w**2 + 7*w - 498. Give h(-26).
-4
Let v(b) = b**2 - 6*b - 55. Calculate v(11).
0
Let l(p) = -15*p**3 + 3*p**2 + 2*p. Calculate l(-1).
16
Let l(k) = 2*k**2 - 6*k + 6. Determine l(4).
14
Let d(k) = -k**2 - 14*k - 24. Determine d(-12).
0
Let v(n) = 2*n**3 + n**2 - n - 2. Determine v(-1).
-2
Let f(b) = 7*b**3 - 3*b**2. Give f(2).
44
Let d(n) = -3*n - 24. Determine d(12).
-60
Let s(w) = -w**2 - 4*w + 23. What is s(-8)?
-9
Let t(o) = 5*o - 3. Determine t(-2).
-13
Let k(r) = -r**2 - 22*r - 24. Calculate k(-21).
-3
Let h(w) = w**3 - 6*w**2 + 11*w - 31. Give h(5).
-1
Let q(t) = -t**2 + 4*t - 7. Determine q(2).
-3
